n factor of 18 and 8334?
18
What is the highest common divisor of 378 and 112?
14
What is the highest common divisor of 2 and 3458?
2
What is the greatest common factor of 1476 and 72?
36
What is the highest common factor of 98 and 5292?
98
What is the highest common factor of 345 and 2645?
115
Calculate the greatest common factor of 620 and 40.
20
What is the greatest common factor of 104 and 16328?
104
Calculate the highest common factor of 298 and 20711.
149
What is the greatest common divisor of 1308 and 4142?
218
What is the highest common divisor of 6160 and 448?
112
What is the highest common factor of 80 and 38320?
80
What is the highest common factor of 16 and 128?
16
What is the greatest common divisor of 86 and 9761?
43
What is the greatest common divisor of 117 and 39?
39
What is the highest common factor of 512 and 1952?
32
What is the greatest common factor of 242 and 363?
121
Calculate the highest common divisor of 10000 and 10.
10
Calculate the highest common divisor of 176 and 784.
16
What is the highest common factor of 1076 and 18561?
269
Calculate the greatest common divisor of 1 and 59.
1
What is the greatest common factor of 95 and 3002?
19
What is the greatest common factor of 156 and 507?
39
What is the greatest common factor of 319 and 58?
29
What is the highest common factor of 22953 and 42?
21
What is the highest common factor of 31 and 31?
31
What is the greatest common factor of 6684 and 36?
12
Calculate the greatest common factor of 7 and 14777.
7
Calculate the highest common factor of 154 and 1001.
77
What is the highest common factor of 144 and 2196?
36
Calculate the greatest common factor of 238 and 14.
14
What is the highest common factor of 5533 and 11?
11
Calculate the highest common factor of 26 and 2470.
26
Calculate the highest common factor of 1455 and 75.
15
What is the greatest common divisor of 308 and 126?
14
Calculate the highest common divisor of 225 and 1845.
45
Calculate the highest common factor of 432 and 120.
24
Calculate the highest common divisor of 765 and 4743.
153
Calculate the highest common divisor of 2 and 6998.
2
What is the highest common divisor of 25 and 2525?
25
Calculate the highest common divisor of 136 and 153.
17
Calculate the highest common divisor of 167 and 6847.
167
What is the highest common factor of 145 and 5?
5
Calculate the greatest common factor of 696 and 16.
8
What is the greatest common factor of 19 and 26030?
19
Calculate the highest common factor of 12 and 30.
6
What is the greatest common divisor of 1064 and 665?
133
Calculate the highest common divisor of 1232 and 4774.
154
What is the highest common divisor of 513 and 54?
27
Calculate the highest common divisor of 1270 and 10.
10
Calculate the greatest common divisor of 1603 and 7.
7
Calculate the highest common factor of 378 and 48.
6
Calculate the greatest common divisor of 19975 and 595.
85
What is the greatest common factor of 200 and 43700?
100
What is the greatest common divisor of 288 and 188?
4
Calculate the highest common factor of 192 and 6.
6
Calculate the highest common factor of 26120 and 8.
8
What is the greatest common divisor of 72 and 11016?
72
What is the greatest common divisor of 2 and 166?
2
Calculate the greatest common divisor of 1417 and 218.
109
Calculate the highest common factor of 35 and 14.
7
What is the highest common divisor of 378 and 49?
7
Calculate the highest common factor of 9324 and 756.
252
What is the highest common factor of 27 and 96?
3
Calculate the greatest common factor of 60 and 1215.
15
Calculate the greatest common factor of 84 and 42.
42
Calculate the highest common divisor of 8 and 452.
4
Calculate the highest common factor of 20 and 220.
20
What is the highest common factor of 6509 and 23?
23
Calculate the greatest common divisor of 105 and 21.
21
What is the greatest common divisor of 1836 and 18?
18
What is the greatest common factor of 60541 and 13?
13
What is the highest common factor of 2187 and 27?
27
What is the highest common factor of 516 and 3?
3
What is the highest common factor of 119 and 340?
17
Calculate the greatest common factor of 32 and 1478.
2
What is the greatest common factor of 11 and 12133?
11
Calculate the greatest common divisor of 222 and 111.
111
Calculate the greatest common factor of 8 and 38.
2
Calculate the highest common factor of 790 and 20.
10
Calculate the greatest common divisor of 43 and 215.
43
Calculate the greatest common divisor of 54 and 504.
18
Calculate the highest common factor of 108 and 24.
12
Calculate the greatest common factor of 16 and 744.
8
Calculate the highest common factor of 62974 and 148.
74
Calculate the highest common divisor of 165 and 440.
55
Calculate the highest common divisor of 2235 and 45.
15
Calculate the highest common divisor of 18 and 90.
18
What is the highest common factor of 204 and 36?
12
Calculate the highest common factor of 11 and 5.
1
What is the highest common divisor of 340 and 60?
20
What is the greatest common factor of 3000 and 20?
20
What is the greatest common divisor of 3201 and 33?
33
Calculate the highest common divisor of 21776 and 16.
16
Calculate the highest common divisor of 776 and 8.
8
Calculate the highest common divisor of 2100 and 168.
84
What is the greatest common factor of 25 and 625?
25
Calculate the highest common factor of 2 and 2.
2
What is the highest common divisor of 795 and 240?
15
Calculate the highest common factor of 190 and 70.
10
What is the highest common factor of 88 and 16?
8
Calculate the highest common factor of 672 and 48.
48
What is the greatest common factor of 1938 and 408?
102
What is the highest common divisor of 25179 and 66?
33
What is the greatest common divisor of 696 and 80?
8
Calculate the greatest common divisor of 24 and 2104.
8
What is the highest common divisor of 162 and 90?
18
Calculate the greatest common divisor of 63 and 105.
21
Calculate the highest common divisor of 66 and 561.
33
Calculate the highest common divisor of 378 and 702.
54
Calculate the greatest common divisor of 195 and 30.
15
Calculate the highest common factor of 7 and 7651.
7
Calculate the greatest common divisor of 24 and 24.
24
What is the highest common divisor of 18 and 450?
18
Calculate the highest common divisor of 29 and 1711.
29
Calculate the greatest common divisor of 24 and 3492.
12
Calculate the highest common divisor of 140 and 49.
7
What is the highest common factor of 6678 and 252?
126
What is the highest common factor of 70 and 161?
7
What is the highest common factor of 35 and 10?
5
Calculate the highest common factor of 189 and 3456.
27
Calculate the highest common divisor of 565 and 452.
113
What is the highest common divisor of 34 and 68?
34
What is the highest common divisor of 18 and 927?
9
Calculate the greatest common factor of 200 and 30.
10
What is the highest common divisor of 106 and 2?
2
Calculate the highest common factor of 666 and 74.
74
What is the highest common factor of 3564 and 972?
324
Calculate the greatest common divisor of 12 and 26.
2
Calculate the greatest common factor of 30 and 195.
15
What is the greatest common factor of 14 and 13993?
7
What is the highest common divisor of 1 and 1229?
1
What is the highest common factor of 371 and 212?
53
Calculate the highest common factor of 108 and 360.
36
Calculate the highest common factor of 256 and 176.
16
What is the highest common divisor of 50 and 1225?
25
Calculate the greatest common divisor of 135 and 54.
27
What is the highest common factor of 1261 and 97?
97
Calculate the highest common divisor of 84 and 189.
21
What is the greatest common divisor of 1230 and 3198?
246
What is the greatest common divisor of 153 and 425?
17
Calculate the highest common divisor of 132 and 32.
4
Calculate the greatest common divisor of 30 and 2420.
10
Calculate the highest common factor of 125981 and 53.
53
What is the highest common factor of 102 and 14994?
102
Calculate the greatest common divisor of 99 and 138.
3
Calculate the highest common divisor of 72 and 20628.
36
What is the highest common factor of 272 and 4216?
136
What is the greatest common divisor of 357 and 245?
7
What is the greatest common divisor of 117 and 27?
9
What is the greatest common factor of 168 an